 1)*(-8)/20. Suppose z - 3*z = -18. Let k = z + m. What is the units digit of k?
1
Let a = -34 + 36. What is the units digit of 3/((-24)/(-292)) + a/(-4)?
6
Let p(y) = y**2 - 4*y + 14. Let s be p(5). Let k = s - -19. What is the tens digit of k?
3
Suppose -3*k - 7176 = -27*k. What is the tens digit of k?
9
Let h be 258/8*(-9 - -5). What is the units digit of (-3 + 0)/(9/h)?
3
Let l be (24/18 - 2) + (-92)/6. What is the tens digit of (-1486)/l - ((-5)/40)/1?
9
Suppose 0 = -13*n - 817 + 3105. Suppose -3*b = -b + 3*l - n, -2*b + 176 = -4*l. What is the tens digit of b?
8
Suppose 4*r - 6826 - 5230 = 0. What is the hundreds digit of r?
0
Let a(k) be the third derivative of k**5/60 + k**4/24 + k**3/6 + 5*k**2. Let q be a(5). Suppose 25 = 2*y - q. What is the tens digit of y?
2
Let g(d) = -12*d + 6. Let y be g(-6). Suppose 3*b + 3*z - y = -z, 2*b - 3*z - 69 = 0. What is the tens digit of b?
3
Let c(u) = 5*u. Let x be c(1). Suppose -5*k + 3*g + 8 = 2, -4*g = 3*k + 8. Suppose 0 = -3*p - k*m - 2*m + 62, 0 = 2*p + x*m - 56. What is the units digit of p?
8
Let i = 124 - -1921. What is the units digit of i?
5
Let q = 48 - -10. Suppose -q - 122 = 4*x. What is the units digit of ((-116)/6)/(15/x)?
8
Let h be (-6)/(-4)*1358/(-21). Let a = 304 + h. What is the units digit of a?
7
Suppose 13*s - 9*s - 6154 = -y, -s - 2*y + 1535 = 0. What is the thousands digit of s?
1
Let z be 214*-2*(-1)/4. Suppose -3*v + 4 = -z. Let b = v - 26. What is the units digit of b?
1
What is the hundreds digit of (-9583)/(-2) - 189/126?
7
Let z be -6*6/((-108)/21). Suppose 0 = 2*n - z*n + 425. What is the units digit of n?
5
Let n(x) = -11 + 6*x - 21 + 2*x + 19. What is the units digit of n(11)?
5
Let h = -125 - 61. Let a = h - -275. What is the units digit of a?
9
What is the tens digit of -1*3982/(-6)*(10 - 7)?
9
Let g = -7 + 0. Suppose 0 = 2*z - 6 - 12. Let s = g + z. What is the units digit of s?
2
Let c(d) = -2301*d + 62. What is the hundreds digit of c(-1)?
3
Let x = 289 + 341. What is the units digit of x?
0
Let g(o) = 5 + 6*o + 2*o + 10*o**2 - 4*o. What is the tens digit of g(-4)?
4
Let t = 1121 - 596. What is the hundreds digit of t?
5
Let x = -253 + 402. What is the hundreds digit of x?
1
Let q(a) = 30*a**2 - 24*a + 14. What is the units digit of q(5)?
4
Let g(n) = n**3 + 17*n**2 - 8*n + 26. What is the hundreds digit of g(-16)?
4
Suppose 4*x + 435 = 63. Let f = x - -256. What is the hundreds digit of f?
1
Let f be (2 - 24/10)/((-2)/140). Let q = 76 - f. What is the units digit of q?
8
Suppose 2385 + 115 = 5*w. What is the units digit of w?
0
Suppose 2340 = 6*n - 2406. What is the tens digit of n?
9
Suppose -2*l - 4746 = -5*l + 3*f, -3*l + 4*f = -4745. What is the hundreds digit of l?
5
Let q(z) = -88*z + 4. Let a(f) = 87*f - 5. Let p(b) = 4*a(b) + 3*q(b). What is the units digit of p(3)?
4
Suppose -921 = -4*k - 2293. Let g = 552 + k. What is the tens digit of g?
0
Let j(z) = -z**2 - 7*z + 8. Let s be j(-8). Suppose f + s*f - 22 = 0. Let i = -10 + f. What is the tens digit of i?
1
Suppose -c + 4*s = -542, 2*c - 4*s + 157 = 1225. What is the tens digit of c?
2
Let a(i) = i**3 - i**2 - 1. Let q = -11 + 13. Let n be a(q). Suppose 0 = -3*v + v - 4*c + 100, -5*c = n*v - 151. What is the units digit of v?
2
Let f(y) = -5*y - 1. Let l(k) be the first derivative of -k**2 + 7*k - 4. Let u be l(6). What is the tens digit of f(u)?
2
Suppose 4*y - 460 = -444. Let a be (-1 + 2)*1*-64. Let v = y - a. What is the tens digit of v?
6
Let n(u) = -95*u - 28. What is the units digit of n(-2)?
2
Suppose -4*p + 3*y + 22714 = 0, 5676 = p + 14*y - 16*y. What is the tens digit of p?
8
Let c(d) = 3*d**2 + 25*d. Let t(s) = -2*s**2 - 17*s. Suppose 5*k + 14 = -11. Let p(f) = k*c(f) - 8*t(f). What is the units digit of p(-12)?
2
Let l = -118 - -210. What is the units digit of l?
2
Suppose -128 = 3*w - 5*c - 1616, -5*w + 2*c = -2461. What is the tens digit of w?
9
Let y be 2/12*-4*-6. Suppose -6*u = -y*u - 4. Suppose 0*v = -u*v + 32. What is the units digit of v?
6
Suppose -3*c = 2*c - 100. Let p be (-1)/(-2*2/c). Suppose 0*j - 20 = -p*j. What is the units digit of j?
4
Let w = -4 - -2. Let x(t) = 4*t + 17. Let h be x(3). Let i = w + h. What is the tens digit of i?
2
Suppose -v + 3*v - j - 115 = 0, 3*j + 227 = 4*v. Let b = 37 + v. What is the tens digit of b?
9
Let p(m) = 33*m + 172. What is the tens digit of p(10)?
0
Suppose -3*t - 2*x - 15 = 18, x = -5*t - 48. Let s be (0 - -3) + -5 + t. Let n = 17 - s. What is the units digit of n?
8
Let u(q) = -q**3 - 41*q**2 - 53*q - 168. What is the units digit of u(-40)?
2
Let l = 2300 + -119. What is the thousands digit of l?
2
Let h = 332 - 8. What is the hundreds digit of h?
3
Let y(w) = -16*w - 16. Let j be y(-4). What is the units digit of 0 + -2 + j + 2?
8
Let v = 2383 - 1382. What is the hundreds digit of v?
0
Let p be (9 - 195/20)/(2/(-1912)). What is the tens digit of p/18 + (3 - (-51)/(-18))?
4
Let a(y) = -7*y**3 + 4*y**2 + 5*y + 2. Suppose 4*w - 2*w + 4 = 0. What is the tens digit of a(w)?
6
Let f(b) = b + 3. Let a be f(-4). Let u be (-7)/(-7)*a*3. What is the units digit of 14/4*(-6)/u?
7
What is the hundreds digit of 990 + (3 + -4)*(10 - 12)?
9
Let r = -6 + 12. Let f(l) = 7*l**2 - 40 - l**3 + 79 - l - 41. What is the tens digit of f(r)?
2
Let c = 96 + -40. Let l be ((-7)/14)/((-2)/c). What is the units digit of ((-27)/(-6) + -4)*l?
7
Let r(s) = -2*s**2 - 50*s - 17. Let z be r(-25). Let u(p) = p**2 + 10*p + 56. What is the tens digit of u(z)?
7
Suppose -5*w - 1 + 61 = 0. Let x = w - 5. Suppose 4*i - 66 = -3*n, i - 26 = -3*n + x*n. What is the units digit of i?
8
Let p = 190 - 65. What is the units digit of p?
5
Let j(n) = 16*n**2 - 3*n + 5. Let x be j(2). Suppose -2*o - 105 = -7*o - z, x = 3*o + 5*z. What is the tens digit of o?
2
Let z = 65 + -64. Let l(d) = 9*d**3 + 5*d**2 - 2. Let k(j) = -4*j**3 - 2*j**2 + 1. Let y(i) = -5*k(i) - 2*l(i). What is the units digit of y(z)?
1
Let w = -1058 - -1691. What is the units digit of w?
3
Let t(b) = -2*b**2 + 190. What is the hundreds digit of t(0)?
1
Let i = -393 + 969. What is the hundreds digit of i?
5
Suppose -2*d - 3*m = -418 - 402, -5*m = 3*d - 1228. What is the hundreds digit of d?
4
Let k = 15 - 3. Suppose 6*o = 3*o + k. Suppose -o*v = -y - 59, 0 = -2*y - 0*y - 6. What is the units digit of v?
4
Suppose -6*d = -10725 - 909. What is the tens digit of d?
3
Suppose 22*q + 396 = 24*q. Let z = 280 - q. What is the tens digit of z?
8
Let m(g) = 6*g**2 - 1. Let c be m(1). Suppose -c*b - 24 = 2*n, -4*b - 26 = -0*b + 5*n. What is the units digit of b + (-48)/(-4) + 1?
9
Let b(v) = 2*v**2 + 5*v - 1. Let n be b(-3). What is the tens digit of 2*-58*n/(-8)?
2
Suppose -4*k + 2*w = -16180, -5*k + 4*w = -22486 + 2267. What is the hundreds digit of k?
0
Let m(s) = -s**3 - 3*s**2 - 3*s - 16. What is the hundreds digit of m(-7)?
2
Suppose 88 + 160 = -8*q. Suppose 0 = -4*l - 0*l - 228. Let p = q - l. What is the units digit of p?
6
Suppose 0 = 2*j - j - 1. Let o(y) = 6*y - 2. Let w be o(j). Suppose -19 = w*d - 127. What is the tens digit of d?
2
Suppose 0 = -0*h + h - 3. Let k be 153/h + 4/(-4). What is the tens digit of (-4)/(-10) - (-2480)/k?
5
Let p = 78 + -45. Suppose 0*c = -3*c - p. Let d = 15 - c. What is the tens digit of d?
2
Let k be (6/15)/(4/10). Let b be -5 - -4 - 5/k. Let l(z) = z**3 + 6*z**2 - 4*z + 3. What is the tens digit of l(b)?
2
Suppose -3*n = 9, 3*b + n - 450 = 5*n. What is the units digit of b?
6
Let f = 45 + -22. Suppose -f = -7*t + 166. What is the tens digit of t?
2
Suppose -5*j = 2*j + 126. What is the hundreds digit of 120/j*(-33)/2?
1
Suppose -15 = -5*q, 2*i + 3*i = -q - 42. Let j = i - 11. Let p = j + 38. What is the units digit of p?
8
Let z = 113 + -1. What is the tens digit of z?
1
Suppose 4*n = 3*o - 48, 0*o - 4*n + 112 = 5*o. Suppose m = 2*m + x - 145, -5*x = o. What is the tens digit of m?
4
Let y be ((-20)/(-15))/((-4)/(-9)). Suppose 0 = -3*r - 3*u - 6, 5*r + u = y*u + 11. What is the tens digit of 5*(42/10 + r)?
2
Let o(n) = 97*n - 1. What is the units digit of o(5)?
4
Suppose 0 = -5*w + 7 + 3. Suppose y = -w*y + 108. What is the tens digit of y?
3
Suppose -p - 12*p + 11609 = 0. What is the tens digit of p?
9
Let g = -55 - -37. Let c(v) = -3*v - 12. What is the units digit of c(g)?